{"id":8,"date":"2009-11-13T12:55:55","date_gmt":"2009-11-13T11:55:55","guid":{"rendered":"http:\/\/www.juergenhoffmann.net\/?page_id=8"},"modified":"2024-12-27T12:48:53","modified_gmt":"2024-12-27T11:48:53","slug":"uber-mich","status":"publish","type":"page","link":"https:\/\/www.juergenhoffmann.net\/?page_id=8","title":{"rendered":"\u00dcber mich"},"content":{"rendered":"<p><a href=\"https:\/\/www.juergenhoffmann.net\/wp-content\/14425451_10209182097463886_1575373713675879502_o.jpg\"><img loading=\"lazy\" decoding=\"async\" class=\"alignleft wp-image-3209\" src=\"https:\/\/www.juergenhoffmann.net\/wp-content\/14425451_10209182097463886_1575373713675879502_o.jpg\" alt=\"14425451_10209182097463886_1575373713675879502_o\" width=\"206\" height=\"309\" srcset=\"https:\/\/www.juergenhoffmann.net\/wp-content\/14425451_10209182097463886_1575373713675879502_o.jpg 1365w, https:\/\/www.juergenhoffmann.net\/wp-content\/14425451_10209182097463886_1575373713675879502_o-200x300.jpg 200w, https:\/\/www.juergenhoffmann.net\/wp-content\/14425451_10209182097463886_1575373713675879502_o-768x1152.jpg 768w, https:\/\/www.juergenhoffmann.net\/wp-content\/14425451_10209182097463886_1575373713675879502_o-683x1024.jpg 683w\" sizes=\"auto, (max-width: 206px) 100vw, 206px\" \/><\/a>Ich mache gerne Musik. Und das schon lange.<\/p>\n<p>Angefangen habe ich \u2013 von Blockfl\u00f6ten- und Melodicaexperimenten mal abgesehen \u2013 mit 5 Jahren. Die Beine waren noch zu kurz, um an die Pedale zu kommen, und so begann meine musikalische Reise an der klassischen Orgel zun\u00e4chst nur mit den H\u00e4nden. Woche f\u00fcr Woche gab es Unterricht \u2013 11 Jahre lang, vorzugsweise Bach. Gerne auch Bach, und zur Abwechslung dann mal Bach (S\u00f6hne).<\/p>\n<p>Mit 12 habe ich auch angefangen,&nbsp;mich mit der Gitarre zu befassen. Ich wollte wissen, wie das funktioniert und was man mit dem von meinen musikalischen Bezugspersonen ziemlich gering gesch\u00e4tzten Instrument alles anfangen kann. Und was man alles anfangen konnte! Revolution\u00e4r war f\u00fcr mich schon die Tatsache, da\u00df man den Ton direkt ber\u00fchrt und nicht \u00fcber den Spieltisch einer Mechanik \u00fcbergibt, die 5 Meter weiter eine Pfeife anblasen l\u00e4\u00dft. Ganz zu schweigen von Dynamik und Tonh\u00f6hen\u00e4nderungen \u2013 alles direkt, alles mit den Fingern! Und transportabel!<\/p>\n<p>Mit 13 bin ich dann in meine erste Band eingestiegen \u2013 an der Gitarre nat\u00fcrlich. Und seitdem habe ich nicht mehr aufgeh\u00f6rt. Ich war in BigBands, IrishFolkbands, BluesBands, GipsyBands, Dixiebands, Rockbands, Soulbands, Popbands, Westernswingbands, Hawaiibands, Galabands, Countrybands, Musicalbands und fahre einen ollen 124er (Flachwitzalarm) Mercedesbands. Ich wollte immer wissen, wie der Sound, die Stilistik funktioniert. So ist das bis heute. H\u00f6ren, lernen und dann tun.<\/p>\n<p>Wenn man etwas lange Zeit tut, wird man manchmal gut darin. Ich habe immer gelauscht und umgesetzt, so da\u00df es immer leichter fiel, neues Material zu verarbeiten. Deswegen habe ich lange Zeit als Springer gearbeitet \u2013 bis ich dann doch mal h\u00e4ngengeblieben bin &#8211; schon mal auch l\u00e4nger<\/p>\n<p><strong>Derzeit bin ich aber in dem Metier t\u00e4tig, das mich am meisten reizt: Springer vom Dienst und Sideman f\u00fcr verschiedene gro\u00dfartige K\u00fcnstler. Spannender geht es nicht, bei 94 Shows mit 18 verschiedenen Formationen im vergangenen Jahr. Mal Musical, mal Dinnerjazz, etwas Country, eine Prise Blues und dann eine Schippe Rock.<\/strong><\/p>\n<p>Denn ich mache gerne Musik. Und das hoffentlich noch lange. Toc toc toc.<\/p>\n<p><em>Foto <a href=\"https:\/\/www.noralovely.de\">Nora Bieker<\/a><br \/>\n<\/em><\/p>\n","protected":false},"excerpt":{"rendered":"<p>Ich mache gerne Musik. Und das schon lange. Angefangen habe ich \u2013 von Blockfl\u00f6ten- und Melodicaexperimenten mal abgesehen \u2013 mit 5 Jahren. Die Beine waren noch zu kurz, um an die Pedale zu kommen, und so begann meine musikalische Reise an der klassischen Orgel zun\u00e4chst nur mit den H\u00e4nden. Woche f\u00fcr Woche gab es Unterricht [&hellip;]<\/p>\n","protected":false},"author":2,"featured_media":0,"parent":0,"menu_order":10,"comment_status":"closed","ping_status":"open","template":"","meta":{"ngg_post_thumbnail":0,"jetpack_post_was_ever_published":false,"footnotes":""},"class_list":["post-8","page","type-page","status-publish","hentry"],"jetpack_shortlink":"https:\/\/wp.me\/PIvuf-8","jetpack_sharing_enabled":true,"_links":{"self":[{"href":"https:\/\/www.juergenhoffmann.net\/index.php?rest_route=\/wp\/v2\/pages\/8","targetHints":{"allow":["GET"]}}],"collection":[{"href":"https:\/\/www.juergenhoffmann.net\/index.php?rest_route=\/wp\/v2\/pages"}],"about":[{"href":"https:\/\/www.juergenhoffmann.net\/index.php?rest_route=\/wp\/v2\/types\/page"}],"author":[{"embeddable":true,"href":"https:\/\/www.juergenhoffmann.net\/index.php?rest_route=\/wp\/v2\/users\/2"}],"replies":[{"embeddable":true,"href":"https:\/\/www.juergenhoffmann.net\/index.php?rest_route=%2Fwp%2Fv2%2Fcomments&post=8"}],"version-history":[{"count":2,"href":"https:\/\/www.juergenhoffmann.net\/index.php?rest_route=\/wp\/v2\/pages\/8\/revisions"}],"predecessor-version":[{"id":158042,"href":"https:\/\/www.juergenhoffmann.net\/index.php?rest_route=\/wp\/v2\/pages\/8\/revisions\/158042"}],"wp:attachment":[{"href":"https:\/\/www.juergenhoffmann.net\/index.php?rest_route=%2Fwp%2Fv2%2Fmedia&parent=8"}],"curies":[{"name":"wp","href":"https:\/\/api.w.org\/{rel}","templated":true}]}}

Über mich

<p><a href="https://www.juergenhoffmann.net/wp-content/14425451_10209182097463886_1575373713675879502_o.jpg"><img loading="lazy" decoding="async" class="alignleft wp-image-3209" src="https://www.juergenhoffmann.net/wp-content/14425451_10209182097463886_1575373713675879502_o.jpg" alt="14425451_10209182097463886_1575373713675879502_o" width="206" height="309" srcset="https://www.juergenhoffmann.net/wp-content/14425451_10209182097463886_1575373713675879502_o.jpg 1365w, https://www.juergenhoffmann.net/wp-content/14425451_10209182097463886_1575373713675879502_o-200x300.jpg 200w, https://www.juergenhoffmann.net/wp-content/14425451_10209182097463886_1575373713675879502_o-768x1152.jpg 768w, https://www.juergenhoffmann.net/wp-content/14425451_10209182097463886_1575373713675879502_o-683x1024.jpg 683w" sizes="auto, (max-width: 206px) 100vw, 206px" /></a>Ich mache gerne Musik. Und das schon lange.</p>
<p>Angefangen habe ich – von Blockflöten- und Melodicaexperimenten mal abgesehen – mit 5 Jahren. Die Beine waren noch zu kurz, um an die Pedale zu kommen, und so begann meine musikalische Reise an der klassischen Orgel zunächst nur mit den Händen. Woche für Woche gab es Unterricht – 11 Jahre lang, vorzugsweise Bach. Gerne auch Bach, und zur Abwechslung dann mal Bach (Söhne).</p>
<p>Mit 12 habe ich auch angefangen,&nbsp;mich mit der Gitarre zu befassen. Ich wollte wissen, wie das funktioniert und was man mit dem von meinen musikalischen Bezugspersonen ziemlich gering geschätzten Instrument alles anfangen kann. Und was man alles anfangen konnte! Revolutionär war für mich schon die Tatsache, daß man den Ton direkt berührt und nicht über den Spieltisch einer Mechanik übergibt, die 5 Meter weiter eine Pfeife anblasen läßt. Ganz zu schweigen von Dynamik und Tonhöhenänderungen – alles direkt, alles mit den Fingern! Und transportabel!</p>
<p>Mit 13 bin ich dann in meine erste Band eingestiegen – an der Gitarre natürlich. Und seitdem habe ich nicht mehr aufgehört. Ich war in BigBands, IrishFolkbands, BluesBands, GipsyBands, Dixiebands, Rockbands, Soulbands, Popbands, Westernswingbands, Hawaiibands, Galabands, Countrybands, Musicalbands und fahre einen ollen 124er (Flachwitzalarm) Mercedesbands. Ich wollte immer wissen, wie der Sound, die Stilistik funktioniert. So ist das bis heute. Hören, lernen und dann tun.</p>
<p>Wenn man etwas lange Zeit tut, wird man manchmal gut darin. Ich habe immer gelauscht und umgesetzt, so daß es immer leichter fiel, neues Material zu verarbeiten. Deswegen habe ich lange Zeit als Springer gearbeitet – bis ich dann doch mal hängengeblieben bin &#8211; schon mal auch länger</p>
<p><strong>Derzeit bin ich aber in dem Metier tätig, das mich am meisten reizt: Springer vom Dienst und Sideman für verschiedene großartige Künstler. Spannender geht es nicht, bei 94 Shows mit 18 verschiedenen Formationen im vergangenen Jahr. Mal Musical, mal Dinnerjazz, etwas Country, eine Prise Blues und dann eine Schippe Rock.</strong></p>
<p>Denn ich mache gerne Musik. Und das hoffentlich noch lange. Toc toc toc.</p>
<p><em>Foto <a href="https://www.noralovely.de">Nora Bieker</a><br />
</em></p>

<p>Ich mache gerne Musik. Und das schon lange. Angefangen habe ich – von Blockflöten- und Melodicaexperimenten mal abgesehen – mit 5 Jahren. Die Beine waren noch zu kurz, um an die Pedale zu kommen, und so begann meine musikalische Reise an der klassischen Orgel zunächst nur mit den Händen. Woche für Woche gab es Unterricht [&hellip;]</p>
