{"id":110,"date":"2009-11-17T15:45:33","date_gmt":"2009-11-17T14:45:33","guid":{"rendered":"http:\/\/www.juergenhoffmann.net\/?page_id=110"},"modified":"2016-03-30T09:53:51","modified_gmt":"2016-03-30T08:53:51","slug":"for-sale","status":"publish","type":"page","link":"https:\/\/www.juergenhoffmann.net\/?page_id=110","title":{"rendered":"For sale"},"content":{"rendered":"<p>Der Fr\u00fchjahrsputz steht an, und ich habe definitiv zu viel Equipment. Also habe ich mir \u00fcberlegt, da\u00df beispielsweise einer von 6 Twins gehen mu\u00df.\u00a0 Es ist also keinesfalls so, da\u00df untaugliche Reste verramscht werden. Jedes einzelne dieser Teile ist klasse, aber ich will einfach abspecken. Da m\u00fcssen die verbleibenden 8 Amps und 15 Gitarren reichen \ud83d\ude42<\/p>\n<p>Die Preise sind ohne Versand, und viel Raum zum Handeln ist nicht &#8211; ich denke, die Preise sind mehr als in Ordnung. Prinzipiell ist mir pers\u00f6nliche \u00dcbergabe oder Abholung am liebsten &#8211; ich bin kein Fan der United Package Smashers. Gegen Spritbeteiligung komme ich auch eine ganze Ecke entgegen &#8211; nach Absprache. Am liebsten sind mir entspannte, vern\u00fcnftige Deals mit entspannten, vern\u00fcnftigen Leuten. Aber wem nicht? Was gibt es noch? Ach ja, meine Kontaktdaten stehen im Impressum. Und jetzt zur Sache!<\/p>\n<p><strong>\u00a0<\/strong><\/p>\n<p>Zum Verkauf stehen zur Zeit:<\/p>\n<p><strong>***SOLD*** James Tyler Guitars Mongoose Special<\/strong> &#8211; \u20ac2490<\/p>\n<p>Fantastisch klingende Mahagony Hollowbody Tele mit Humbuckern. Die Konstruktion gibt den Sound vor: 335-Gefilde mit mehr Snap und Stabilit\u00e4t durch die l\u00e4ngere Mensur. Dar\u00fcber hinaus findet man aber die typischen Tyleringredienzien: Die Ansprache und den Strahl des Tons sind mit einem Konzertfl\u00fcgel vergleichbar \u2013 das ist schon echt eine eigene Liga, die Meister Tyler da aufmacht. Die pr\u00e4zise Aufl\u00f6sung von Chords ist makellos \u2013 das gilt auch f\u00fcr fiese Chords mit nahen Reibungen. Anschlagsposition, Anschlagstyp, Tonbildung der rechten und linken Hand ergeben deutlich wahrnehmbare Ebenen. Diese im Cleanbetrieb schon bet\u00f6renden Eigenschaften sind mit zunehmendem Gain &#8220;unter der Lupe&#8221; zu h\u00f6ren.<\/p>\n<p>Die Lackierung ist eigentlich im Foto nicht vern\u00fcnftig wiederzugeben. Typisch Tyler, Gold\/Blau passt sie sich den Lichtverh\u00e4ltnissen an und hat mehr Tiefe und viel weniger Unruhe, als die Bilder das vermitteln.<\/p>\n<p>Die Mechaniken sind todschicke offene Hipshot Locking Heads.<\/p>\n<p>Zustand: Gebraucht, aber definitiv near mint. Die kleine &#8220;Macke&#8221; in der Kehle der Kopfplatte hat jede Tyler, da wird sie wohl zum Lackieren hingeh\u00e4ngt.<\/p>\n<p>Die schmutzigen Details<\/p>\n<p>Built 2010<br \/>\nGloss Malibu Shmear<br \/>\nSemihollow Mahogany Top on Mahogany Body 3090g \/ 6lbs 13 oz<br \/>\nNeck: Fat 59 Compound Radius 9.5&#8243;-12&#8243;<br \/>\n2 Tyler Chrome Retro Humbucker<br \/>\n2xVol, 2xTone, 3 way toggle switch<br \/>\nTone Pros Bridge<br \/>\nHipshot Grip Lock Tuners<br \/>\nTyler Panzerkoffer \u2013 dem Gewicht nach jedenfalls.<\/p>\n<p>&nbsp;<\/p>\n<p>Und nun die Antwort auf die Gretchenfrage \u2013 warum verkaufe ich? F\u00fcr <strong>meinen<\/strong> Bedarf bin ich mit meiner Tyler Studio Elite, die ich jetzt seit 25 Jahren spiele, einen guten Tick besser bedient \u2013 Single Coil Strat Solidbody mit Trem. Das ist auch einfach eine andere Baustelle. Ich werde in diesem Leben kein Humbuckerfan mehr. Nun ja, ich habe es versucht. Mit dem besten, was zu bekommen war.<\/p>\nngg_shortcode_0_placeholder\n<p>&nbsp;<\/p>\n<p><strong><strong>***SOLD***<\/strong> Hofner Club 50<\/strong>, \u20ac1350<\/p>\n<p>Handgebautes vollmassives Custominstrument aus Endorsementdeal &#8211; Jazzgitarre\u00a0HCG50-SB-0 aus deutscher Herstellung, Fichte\/geflammter Ahorn massiv, Ebenholzgriffbrett, Pearl Dots, \u00a0 noch mit Folie auf den Pickups, mit Nobelcase in Bestzustand.\u00a0 Im Sommer frischer Setup fom Werk &#8211; ich wohne da praktischerweise in der N\u00e4he. 2 Barhumbucker von H\u00f6fner, wirklich umwerfende Klangtiefe. Liste &gt;2000\u20ac &#8211; und da ist noch *kein* Nobelcase drin. Frisch besaitet.<\/p>\nngg_shortcode_1_placeholder\n<p>&nbsp;<\/p>\n<p>Ein\u00a0<strong>Silverface Twin, \u20ac1050<br \/>\n***************************SOLD***************<br \/>\n<\/strong><\/p>\n<p>Seriennummer B08374, Baujahr 1975. Amp wurde gerade<strong> komplett durchgesehen<\/strong> und <strong>\u00fcberholt<\/strong>, wo n\u00f6tig &#8211; und es war einiges n\u00f6tig nach 35 Jahren. <strong>\u00a0Neuteile f\u00fcr \u00fcber 170 Euro<\/strong> sind drin &#8211; von der Arbeit mal ganz zu schweigen. Das chronisch anf\u00e4llige Tremolo ist \u00fcberholt, neuer Optokoppler,\u00a0 alle relevanten Elkos getauscht, kratzende Potis ersetzt und neue Endstufenr\u00f6hren sind auch drin &#8211; also ready to rumble!<\/p>\n<p>Die Vorstufenr\u00f6hren habe ich sinnvollerweise gr\u00f6\u00dftenteils dringelassen, da die aktuellen\u00a0hervorragend klingen &#8211; nur mikrofonische wurden ersetzt. <strong>Exportmodell<\/strong>, serienm\u00e4\u00dfig mit Spannungswahlschalter &#8211; also <strong>kein Gebl\u00f6del mit externen Transformatoren<\/strong>. Mit original Fu\u00dfschalter &#8211; der ein neues Kabel bekommen hat. Alle Backpanels sind original, in Ordnung und da, wo sie sein sollten.<\/p>\n<p>Macken bleiben \u00fcber die Jahre nicht aus, sind aber sehr dezent:\u00a0 Ein kleiner Ri\u00df in der Frontbespannung und die \u00fcblichen Macken im Tolex &#8211; auf den Bildern zu sehen.<\/p>\n<p>Ein ehrlicher, Punkt zu Punkt verdrahteter Amp mit jeder Menge Power, sonorer, kr\u00e4ftiger Stimme in general\u00fcberholtem und unverbastelten\u00a0Zustand &#8211; viel besser wird es nicht. Gibt es f\u00fcr 1050\u20ac, und er ist jeden Cent wert. Fracht kommt ggf dazu, Abholung w\u00e4re g\u00fcnstig.<\/p>\nngg_shortcode_2_placeholder\n<p>&nbsp;<\/p>\n<p><strong>Proco Turbo Rat<\/strong> und <strong>Proco You Dirty Rat<\/strong>, je \u20ac75<\/p>\n<p>Standardkost, guter Zustand. A rat is a rat is a rat.<\/p>\n<p>&nbsp;<\/p>\n<p><strong><strong>***SOLD*** Keeley Kompressor<\/strong>,\u00a0 guter Zustand, aber Beschriftung l\u00f6st sich etwas. 125.-<\/strong><\/p>\n<p>Sehr fitter Kompressor, den ich lange auf dem Board hatte. Verkauf, weil ich fast keinen Kompressor mehr verwende-<\/p>\n<p>&nbsp;<\/p>\n<p><strong>Mesa Boogie Road Ready 2x12er<\/strong> Gitarrenbox f\u00fcr 650.-<\/p>\n<p>Sehr robuste 2x12er, auf die nach dem Gig der Deckel draufgeschnallt wird und dann ab in den Truck. Klingt wirklich gro\u00df und ist es auch.<br \/>\nDer obere Speaker hat mal ein kleines Loch abbekommen. H\u00f6rt man aber nicht, deswegen habe ich nach ein paar Gigs mit &#8220;langen Ohren&#8221; genau nichts unternommen. Trotzdem gibt es einen\u00a0EVM 12L \u00a0in Neuzustand (ca 20h Spielzeit) *mit* dazu &#8211; damit keiner sagen kann, ich verkaufe defekten Kram. Ohne EV 490.-<\/p>\n<p>&nbsp;<\/p>\n<p>&nbsp;<\/p>\n<p><strong>Fender Custom Telecaster<\/strong> Japan 88 \u20ac720 ******SOLD******<\/p>\n<p>Wundersch\u00f6nes, toll klingendes Instrument in sehr gutem Zustand &#8211; bis auf 2 Macken auf der R\u00fcckseite. Nicht umsonst stehen die Instrumenter japanischer Fertigung aus den 80ern in dem Ruf, so manchem Vintageoriginal den Rang abzulaufen. Tele as Tele can, mit dem etwas fetteren 60er Sound, der wohl durch das Rosewoodgriffbrett kommt. Mit Case und frischem Setup vom Gitarrenbauer &#8211; und nat\u00fcrlich neuen Saiten..<\/p>\nngg_shortcode_3_placeholder\n<p>&nbsp;<\/p>\n<p>&nbsp;<\/p>\n<p><strong>Mesa Boogie 50\/50 <\/strong>f\u00fcr 650.- *****************SOLD*******************<\/p>\n<p>Nicht die 2\/50, sonder die alte, amtliche Endstufe, vom Vorbesitzer frisch ber\u00f6hrt und seitdem ca. 20h gespielt.\u00a0Ordentlicher Bums (Untertreibung des Quartals) aus 4\u00a06L6 in Stereo.\u00a0Technisch einwandfrei, optisch in Ordnung,\u00a0aber mit sichtbaren Spuren &#8211;\u00a0das \u00fcbliche, Kratzer vom Rackeinbau (wie stellen sich die Kollegen dabei blo\u00df immer an?)\u00a0&#8211; Bilder folgen Anfang n\u00e4chster Woche.<\/p>\n<p>&nbsp;<\/p>\n<p><strong>Music Man Albert Lee MM90<\/strong> f\u00fcr 1250.- ************SOLD************<\/p>\n<p>mit original Case, in der Farbe &#8220;Sterling Silver&#8221; mit Matching Headstock,\u00a0 3 P90, strammer, fetter und direkter Sound, Maple Neck mit MM-typischer Traumbespielbarkeit, Trem, Bestzustand, Setup vom Gitarrenbauer, frisch besaitet.<\/p>\nngg_shortcode_4_placeholder\n<p>Hier kann man dieses Modell auf Youtube h\u00f6ren:<\/p>\n<p><iframe loading=\"lazy\" title=\"Albert Lee MM90\/Mesa Electra Dyne\" width=\"590\" height=\"332\" src=\"https:\/\/www.youtube.com\/embed\/Hm0uTlZhjyo?feature=oembed\" frameborder=\"0\" allow=\"accelerometer; autoplay; clipboard-write; encrypted-media; gyroscope; picture-in-picture; web-share\" referrerpolicy=\"strict-origin-when-cross-origin\" allowfullscreen><\/iframe><\/p>\n<p>&nbsp;<\/p>\n<p>&nbsp;<\/p>\n<p><strong>Fulltone Soulbender<\/strong>,\u00a0 \u20ac140\u00a0 **************SOLD**************<\/p>\n<p>noch aus der ersten Serie. Vorsicht, Netzteilanschlu\u00df erfordert polarit\u00e4tsgedrehtes Kabel. Habe ich aber immer mit Batterie betrieben, h\u00e4lt wirklich ewig.<\/p>\n<p>&nbsp;<\/p>\n<p>Ein <strong>Fuchs ODS 50 SLX Custom<\/strong> near mint\u00a0mit 2x12er Box f\u00fcr 1950.- + Fracht *********SOLD***********<\/p>\n<p>Boutiqueamp der Oberliga in hervorragendem Zusatend &#8211; wie neu. In der &#8220;Custom&#8221;-Variante kann er entweder mit 4 6V6 (momentan) oder 2 6L6 betrieben werden. Dabei (ohne Bild) der 2-fach Fu\u00dfschalter\u00a0und\u00a0ein polarit\u00e4tsgedrehtes Lautsprecherkabel &#8211; von dem es hei\u00dft, es w\u00fcrde den Sound verbessern. Halte ich nach genauem hinh\u00f6ren f\u00fcr Humbug, ist aber dabei.<\/p>\n<p>Klasse\u00a0Federhall! \u00a0Effektweg an\u00a0Bord,\u00a0in der Empfindlichkeit schaltbar, ebenso parallel\/seriell umschaltbar und in Send\/Return regelbar &#8211; damit kann man wirklich jedes Ger\u00e4t einbinden, ob Tretmine oder 19&#8243;<\/p>\n<p>Half\/Full-Power Switch zur Anpassung der Ausgangsleistung an die Lokalit\u00e4t<\/p>\n<p>Die\u00a0r\u00fcckw\u00e4rtige Abdeckung der Box ist dreigeteilt, somit hat man die Wahl zwischen geschlossenem und 1\/3 oder 2\/3 offenem\u00a0Betrieb. Speaker sind\u00a0Eminence RWB und Wizard &#8211; passen hervorragend zum Amp.<\/p>\n<p>Zwei neue Vorstufenr\u00f6hren sind drin &#8211; die waren mikrofonisch geworden. Die 6V6 haben ca 40h Spielzeit auf dem Buckel &#8211;\u00a0also gerade &#8211; also noch \u00fcber 90% Lebenszeit, Vollast zugrundegelegt.<\/p>\n<p>Sehr angenehm zu spielender Amp allerh\u00f6chster Qualit\u00e4t, der den Spieler unterst\u00fctzt und wirklich leicht auch bei moderater Lautst\u00e4rke ins Feedback umkippt.<\/p>\n<p><object width=\"600\" height=\"400\" classid=\"clsid:d27cdb6e-ae6d-11cf-96b8-444553540000\" codebase=\"https:\/\/download.macromedia.com\/pub\/shockwave\/cabs\/flash\/swflash.cab#version=6,0,40,0\"><param name=\"flashvars\" value=\"host=picasaweb.google.com&amp;noautoplay=1&amp;hl=de&amp;feat=flashalbum&amp;RGB=0x000000&amp;feed=http%3A%2F%2Fpicasaweb.google.com%2Fdata%2Ffeed%2Fapi%2Fuser%2Fjergn.h%2Falbumid%2F5465859958601346977%3Falt%3Drss%26kind%3Dphoto%26hl%3Dde\" \/><param name=\"src\" value=\"https:\/\/picasaweb.google.com\/s\/c\/bin\/slideshow.swf\" \/>\u00a0<\/object><\/p>\n<p><strong>\u00a0<\/strong><\/p>\n<p><strong>\u00a0<\/strong><\/p>\n<p><strong>\u00a0<\/strong>Ein<strong> Fender VibroChamp<\/strong> f\u00fcr 430.- ***********SOLD*********<\/p>\n<p>Klassischer Br\u00fcllw\u00fcrfel der 6-Watt Klasse aus dem Jahr 1977.\u00a0 Sieht rundum gesund aus und klingt auch so. Hatte ich nie auseinandergenommen &#8211; dazu bestand kein Grund. Aber seht selbst:<\/p>\n<p>Update: Jetzt ist ein Weber Sig8 AlNiCo-Speaker drin, neue Endstufen und Gleichrichterr\u00f6hern. Hat ihm gutgetan &#8211; deswegen hat sich der Preis auch um 50\u20ac auf 430\u20ac erh\u00f6hrt &#8211; was nicht einmal dem Materialwert der ausgetauschten Komponenten entspricht! Originalteile sind nat\u00fcrlich dabei.<\/p>\n<p><object width=\"600\" height=\"400\" classid=\"clsid:d27cdb6e-ae6d-11cf-96b8-444553540000\" codebase=\"https:\/\/download.macromedia.com\/pub\/shockwave\/cabs\/flash\/swflash.cab#version=6,0,40,0\"><param name=\"flashvars\" value=\"host=picasaweb.google.de&amp;noautoplay=1&amp;hl=de&amp;feat=flashalbum&amp;RGB=0x000000&amp;feed=http%3A%2F%2Fpicasaweb.google.de%2Fdata%2Ffeed%2Fapi%2Fuser%2Fjergn.h%2Falbumid%2F5465858265885323745%3Falt%3Drss%26kind%3Dphoto%26hl%3Dde\" \/><param name=\"src\" value=\"https:\/\/picasaweb.google.de\/s\/c\/bin\/slideshow.swf\" \/>\u00a0<\/object><\/p>\n<p><strong>\u00a0<\/strong><\/p>\n<p><strong>\u00a0<\/strong><\/p>\n<p>Eine wundersch\u00f6ne\u00a0<a title=\"Soultool\" href=\"https:\/\/www.soultool.com\"><strong>Soultool<\/strong><\/a><strong> Performer Classic S<\/strong> vom Gitarrenbauer Egon J. Rauscher *******SOLD******<\/p>\n<p>Alles dran, was dran mu\u00df, edel ist und gut klingt:<\/p>\n<ul>\n<li>Body einteilige Schweizer Bergesche<\/li>\n<li>Highest Grade Flame Maple Neck mit Flame Maple Griffbrett<\/li>\n<li>Gewinkelter, gesch\u00e4fteter Headstock<\/li>\n<li>H\u00e4ussel Pickups Blues Set &#8211; Der Heckhumbucker ist ein SD, der originale H\u00e4ussel ist mit dabei.<\/li>\n<li>Wilkinson Tremolo<\/li>\n<li>Sperzel Lockingmechaniken<\/li>\n<li><a href=\"https:\/\/www.soultool.com\/cms\/front_content.php?idcat=92\">Test<\/a> in G&amp;B 04\/05<\/li>\n<li>Ziemlich geniales Halsbefestigungssystem, das under der Plakette auf der R\u00fcckseite angesiedelt ist<\/li>\n<\/ul>\n<p>Verhandlungsbasis sind 950\u20ac\u00a0 inkl Case &#8211; bei einem Neupreis von <em>deutlich<\/em> \u00fcber 2000\u20ac nicht so \u00fcbel, denke ich.<\/p>\n<p>Durch Klick auf die Galerie kommt man zu den wirklich gro\u00dfen Fotos.<\/p>\n<p><object width=\"600\" height=\"400\" classid=\"clsid:d27cdb6e-ae6d-11cf-96b8-444553540000\" codebase=\"https:\/\/download.macromedia.com\/pub\/shockwave\/cabs\/flash\/swflash.cab#version=6,0,40,0\"><param name=\"flashvars\" value=\"host=picasaweb.google.de&amp;noautoplay=1&amp;hl=de&amp;feat=flashalbum&amp;RGB=0x000000&amp;feed=http%3A%2F%2Fpicasaweb.google.de%2Fdata%2Ffeed%2Fapi%2Fuser%2Fjergn.h%2Falbumid%2F5405549600066818913%3Falt%3Drss%26kind%3Dphoto%26hl%3Dde\" \/><param name=\"src\" value=\"https:\/\/picasaweb.google.de\/s\/c\/bin\/slideshow.swf\" \/><\/object><\/p>\n<p>&nbsp;<\/p>\n<p>&nbsp;<\/p>\n<p><strong>Digitech GSP 2101 ********** SOLD *******<\/strong><\/p>\n<p>Genialer 19&#8243; Preamp, nach wie vor einer der flexibelsten. Einzige Macke: Das Datenrad \u00fcberspringt je nach Tagesform ab und zu Werte. Eingabe ist aber \u00fcber die Taster auch m\u00f6glich. Spiele ihn nur noch ab und zu im Studio &#8211; deswegen brauche ich das Backupger\u00e4t nicht mehr. Deswegen hier f\u00fcr 190\u20ac<\/p>\n<p><object width=\"600\" height=\"400\" classid=\"clsid:d27cdb6e-ae6d-11cf-96b8-444553540000\" codebase=\"https:\/\/download.macromedia.com\/pub\/shockwave\/cabs\/flash\/swflash.cab#version=6,0,40,0\"><param name=\"flashvars\" value=\"host=picasaweb.google.de&amp;noautoplay=1&amp;hl=de&amp;feat=flashalbum&amp;RGB=0x000000&amp;feed=http%3A%2F%2Fpicasaweb.google.de%2Fdata%2Ffeed%2Fapi%2Fuser%2Fjergn.h%2Falbumid%2F5465858855842845985%3Falt%3Drss%26kind%3Dphoto%26hl%3Dde\" \/><param name=\"src\" value=\"https:\/\/picasaweb.google.de\/s\/c\/bin\/slideshow.swf\" \/><\/object><\/p>\n<p>&nbsp;<\/p>\n<p>&nbsp;<\/p>\n<p><strong>Wampler Pinnacle 2 Distortion<\/strong> f\u00fcr 149 .-\u00a0 ***********SOLD***********<\/p>\n<p>nagelneu, nur probiert, keine Gigs.<\/p>\n","protected":false},"excerpt":{"rendered":"<p>Der Fr\u00fchjahrsputz steht an, und ich habe definitiv zu viel Equipment. Also habe ich mir \u00fcberlegt, da\u00df beispielsweise einer von 6 Twins gehen mu\u00df.\u00a0 Es ist also keinesfalls so, da\u00df untaugliche Reste verramscht werden. Jedes einzelne dieser Teile ist klasse, aber ich will einfach abspecken. Da m\u00fcssen die verbleibenden 8 Amps und 15 Gitarren reichen [&hellip;]<\/p>\n","protected":false},"author":2,"featured_media":0,"parent":28,"menu_order":0,"comment_status":"open","ping_status":"open","template":"","meta":{"ngg_post_thumbnail":0,"jetpack_post_was_ever_published":false,"footnotes":""},"class_list":["post-110","page","type-page","status-publish","hentry"],"jetpack_shortlink":"https:\/\/wp.me\/PIvuf-1M","jetpack_sharing_enabled":true,"_links":{"self":[{"href":"https:\/\/www.juergenhoffmann.net\/index.php?rest_route=\/wp\/v2\/pages\/110","targetHints":{"allow":["GET"]}}],"collection":[{"href":"https:\/\/www.juergenhoffmann.net\/index.php?rest_route=\/wp\/v2\/pages"}],"about":[{"href":"https:\/\/www.juergenhoffmann.net\/index.php?rest_route=\/wp\/v2\/types\/page"}],"author":[{"embeddable":true,"href":"https:\/\/www.juergenhoffmann.net\/index.php?rest_route=\/wp\/v2\/users\/2"}],"replies":[{"embeddable":true,"href":"https:\/\/www.juergenhoffmann.net\/index.php?rest_route=%2Fwp%2Fv2%2Fcomments&post=110"}],"version-history":[{"count":0,"href":"https:\/\/www.juergenhoffmann.net\/index.php?rest_route=\/wp\/v2\/pages\/110\/revisions"}],"up":[{"embeddable":true,"href":"https:\/\/www.juergenhoffmann.net\/index.php?rest_route=\/wp\/v2\/pages\/28"}],"wp:attachment":[{"href":"https:\/\/www.juergenhoffmann.net\/index.php?rest_route=%2Fwp%2Fv2%2Fmedia&parent=110"}],"curies":[{"name":"wp","href":"https:\/\/api.w.org\/{rel}","templated":true}]}}